 - 26 = 5*c. Calculate the greatest common factor of c and 76.
19
Suppose -3 = q, -2*g + 14 = -3*g - 2*q. Let y be (-3)/(-3) + (2 - g). Let k = -5 + y. Calculate the highest common factor of 54 and k.
6
Suppose 4*n + 2*j + 2 = 0, n - 5*n - 4*j - 8 = 0. Let l be (-12)/(n + 36/(-33)). Calculate the highest common factor of 12 and l.
12
Let a = -10 - -38. Suppose -2 = 3*j + 4*w, -2*j = -6*j - 4*w. Let c = j + 5. Calculate the highest common divisor of a and c.
7
Suppose l - 3*a = -l - 53, 0 = 3*l - a + 76. Let c be ((-10)/l)/((-1)/(-5)). Calculate the highest common factor of 10 and c.
2
Let j be (-774)/(-54) - (-4)/6. Suppose -2*x + 125 = -5*h, 0*h = -5*x - 2*h + 298. What is the greatest common factor of j and x?
15
Suppose -4*t = 9 - 41. Let j = -4 + t. What is the greatest common factor of 4 and j?
4
Suppose -3*g = 4*f - 184, 0*g - 3*g + 4*f + 200 = 0. Calculate the greatest common factor of 8 and g.
8
Let w be (6/(-5))/((-3)/15). Let t be 3/(w*(-1)/(-28)). Calculate the highest common factor of t and 2.
2
Let d = 11 - -73. Let g be -5*(1 - (-52)/(-10)). Calculate the highest common factor of g and d.
21
Let z be 174/5 - (-2)/10. Calculate the highest common factor of 35 and z.
35
Suppose 4*i = 16, -5*i = -3*v - 4*i + 44. What is the greatest common divisor of 8 and v?
8
Suppose 79 = 7*b - 5*b + 5*n, 4*b = -4*n + 188. Let t be 12*1 + 1 + 0. What is the greatest common divisor of t and b?
13
Suppose 4*k = -m + 9, -2*m + 2*k = -3*k - 5. Suppose -5*h + m*q + 120 = -0*q, 2*h + q = 51. What is the greatest common factor of h and 100?
25
Let l be (6/(-18))/((-2)/60). Calculate the highest common divisor of l and 30.
10
Suppose -2*j + 2*k = -120, -240 = j - 5*j - 5*k. Suppose 5*a = 4*w + 25 + 15, 0 = 5*a + 3*w - 75. What is the greatest common divisor of a and j?
12
Suppose y = -3*d + 4*y + 75, 0 = -5*d - 3*y + 157. Let l = -25 - -10. Let m = l + d. What is the highest common factor of m and 112?
14
Suppose -70 = j - 259. Suppose j = -a + 4*a. Suppose -3*q - 4*k = -4 - 1, -36 = -4*q + 2*k. Calculate the highest common divisor of a and q.
7
Suppose 5*a = 2*r + 94, -a = 2*a + 4*r - 72. What is the greatest common divisor of 220 and a?
20
Let z(m) = -6*m**2 + 2*m. Let k be z(-3). Let d be 5 + -3 + -3 - k. Let n = d + 18. Calculate the highest common factor of 11 and n.
11
Suppose -4*a + 0 = -8. Let j(i) = -2*i**2 + 0*i**2 + 9*i**2 - a*i + 8 + i**3 + 4*i. Let u be j(-6). Calculate the greatest common factor of 8 and u.
8
Suppose 2 = -2*x + 14. What is the highest common divisor of 66 and x?
6
Let m be 1/(-6) + (-4712)/(-48). Let l = m + -70. Calculate the greatest common divisor of 70 and l.
14
Suppose 4*b + 3*f - 4*f - 155 = 0, 4*f - 20 = 0. Suppose -60 = -w - 14*w. Calculate the greatest common factor of w and b.
4
Let p = -4 + -9. Let i = 21 + p. Let j(s) = 22*s. Let h be j(4). What is the greatest common divisor of i and h?
8
Let t be (64/(-40))/((-2)/235). Calculate the greatest common divisor of 47 and t.
47
Let n = -3 + 5. Suppose -n*f = f. Suppose f = -g - g + 100. What is the greatest common divisor of g and 20?
10
Let d = -9 + 39. Let j = -114 - -159. Calculate the highest common divisor of j and d.
15
Let w(a) = -4 + 1 + 3 - 2 + 6*a. Let m be w(5). Calculate the highest common divisor of 14 and m.
14
Let l = 6 + 16. Let z = l + -12. What is the highest common factor of z and 30?
10
Let u(i) = i**2 + 12*i + 40. Let c be u(-7). Calculate the highest common factor of c and 10.
5
Let b = 1 + -3. Let h be 6*6/9 + b. Suppose -k - 595 = -6*k - h*q, 0 = 2*k - 2*q - 224. What is the highest common divisor of k and 13?
13
Let r = -4 - -6. Let b be (-1)/(-1*r/22). What is the highest common factor of 11 and b?
11
Let u be (3 - 2 - 2) + 13. Let l(n) = 57*n + 2. Let o be l(5). Suppose -o = -4*k - 47. Calculate the highest common factor of u and k.
12
Let z = -8 + 11. Suppose z*a + 4*h - 90 = 0, -3*h - 41 = -a - 8*h. Calculate the highest common factor of a and 13.
13
Let n = -22 - -68. Let a be n/10 - (-14)/35. Let t(o) = -o**3 - 5*o**2 + 2. Let c be t(-5). What is the greatest common divisor of a and c?
1
Suppose -4*r - 8 = -28, 0 = p - 3*r + 6. Suppose 12 = 3*w - 15. What is the highest common divisor of w and p?
9
Let n = 151 + -101. Let z(t) = -9*t**2 + 12*t - 2*t - t + t**3 + 2. Let a be z(8). Calculate the greatest common factor of n and a.
10
Suppose 5*n = -2*y - 205, -y + 0*n - 98 = -2*n. Let v = y - -175. Suppose -7*f = -2*f - v. Calculate the greatest common divisor of 5 and f.
5
Let i(h) = -h**3 + 7*h**2 - h + 6. Let o be i(6). Let d(g) = 10*g - 8. Let r be d(6). Let b = r - o. What is the greatest common divisor of b and 4?
4
Let d(w) = 20*w. Let b be d(1). Let k(s) = s**3 + 3*s**2 - 3*s - 4. Let u be k(-3). Calculate the greatest common divisor of u and b.
5
Let r(v) = -v**2 - 21*v + 16. Let d be r(-19). What is the highest common divisor of 18 and d?
18
Let n be (32/(-12))/(2/(-84)). Let q(f) = 3*f**3 + 3*f**2 - 3*f - 2. Let j be q(2). Calculate the highest common factor of j and n.
28
Let d = 42 + -16. What is the highest common divisor of d and 26?
26
Let v(x) = -x**3 + x**2 + x + 65. Let y be v(0). What is the highest common divisor of 26 and y?
13
Let p(f) = -18*f. Let b be p(-8). Suppose -2 = -0*l - l. Suppose l*r = -2*r + 64. Calculate the greatest common factor of r and b.
16
Suppose 39*b = 44*b - 150. What is the highest common divisor of b and 60?
30
Let d = 87 + 73. Suppose 12*l - l - 220 = 0. What is the greatest common factor of l and d?
20
Let o = 314 - 213. Let l = -60 + 24. Let f = l + o. Calculate the greatest common divisor of f and 26.
13
Suppose 4*v - 17 = -4*k + 3, -4*v + 30 = -k. Suppose -1 = -m + v. Let s be -2 + 0/(-2) + 90. Calculate the greatest common factor of m and s.
8
Let c(l) = 2*l**2 - 12*l + 23. Let f be c(11). Calculate the greatest common divisor of 19 and f.
19
Suppose i = -4*i + 110. Suppose -4*y = -4*v - 3*y + i, y = 3*v - 17. Suppose v*o - 64 = o. Calculate the greatest common divisor of 40 and o.
8
Suppose -2*v + v = -1. Suppose -2*o + 44 = 2*o. Calculate the highest common divisor of v and o.
1
Suppose -b + 13 = 5*z, z - 2*b - 14 = -6*b. Let r be (-1 + 65)/2 - z. Suppose 4*o = -n + r, 3*o + n - 14 = o. Calculate the greatest common divisor of 24 and o.
8
Let a = 32 + -30. Calculate the highest common factor of 32 and a.
2
Let o(j) = 10*j**3 - j**2 + j. Let k be o(1). Suppose -5 = -7*g + 2*g. Suppose 0*b = b - g. Calculate the highest common divisor of b and k.
1
Let f(u) = 11*u + 4. Let j be f(2). What is the greatest common divisor of 234 and j?
26
Let n(d) = d**2 + 3*d - 3. Let x be n(2). Suppose -1 = 3*h - x. Suppose -1 + 3 = h*c. What is the greatest common factor of c and 1?
1
Suppose -52*k = -48*k - 144. Suppose 5*b - 5 = 10. Suppose -16 = -5*t - 2*l, 0 = b*t + l - 10. What is the greatest common divisor of t and k?
4
Let z = -21 + 42. What is the highest common factor of 231 and z?
21
Suppose 28*o = 33*o - 675. What is the highest common factor of 15 and o?
15
Let u(t) = t**2 + 104 - 6*t**3 - t + 15*t**3 - 8*t**3. Let w be u(0). What is the greatest common factor of 13 and w?
13
Let p be (-1)/(678/136 + -5). Calculate the greatest common factor of p and 17.
17
Let p be (-370)/(-50) + (-6)/(-10). What is the greatest common divisor of p and 72?
8
Suppose 0 = 5*o + 4 - 69. Calculate the highest common factor of o and 65.
13
Let y(n) = -n**2 - 4*n + 4. Let v be y(-3). What is the highest common factor of v and 63?
7
Let n be 2/(-3)*1365/(-26). Calculate the highest common divisor of n and 7.
7
Let m = 64 - 54. Calculate the greatest common divisor of 10 and m.
10
Let l = 81 + -46. What is the greatest common divisor of l and 14?
7
Let o = 12 + 18. Calculate the highest common divisor of o and 45.
15
Let m(n) = -n**2 + 5*n - 1. Let p be (-4)/(-14) + (-300)/(-28). Suppose -4*z + 5 = -p. Let k be m(z). Calculate the highest common divisor of 2 and k.
1
Let y(u) = 0*u + u**2 + 3*u**2 - u**3 + u. Let d be y(3). Let p be 2 - -82 - (2 - 2). What is the highest common divisor of d and p?
12
Suppose 7*p - 3*p = -2*i - 10, -2*i = -p - 5. Let n = -3 - -2. Let l be (4 + -10 + 3)*n. Calculate the highest common factor of i and l.
1
Let u be (8/2)/((-27)/7 - -4). Calculate the greatest common factor of u a